{"id":198,"date":"2018-09-13T13:55:07","date_gmt":"2018-09-13T13:55:07","guid":{"rendered":"\/?page_id=198"},"modified":"2018-11-15T13:23:15","modified_gmt":"2018-11-15T13:23:15","slug":"kompressionsversorgung","status":"publish","type":"page","link":"https:\/\/burkholz-orthopaedie.de\/?page_id=198","title":{"rendered":"Kompressionsversorgung"},"content":{"rendered":"<p><div class=\"fusion-fullwidth fullwidth-box fusion-builder-row-1 nonhundred-percent-fullwidth non-hundred-percent-height-scrolling\" style=\"--awb-border-radius-top-left:0px;--awb-border-radius-top-right:0px;--awb-border-radius-bottom-right:0px;--awb-border-radius-bottom-left:0px;--awb-flex-wrap:wrap;\" ><div class=\"fusion-builder-row fusion-row\"><div class=\"fusion-layout-column fusion_builder_column fusion-builder-column-0 fusion_builder_column_1_1 1_1 fusion-one-full fusion-column-first fusion-column-last\" style=\"--awb-bg-size:cover;--awb-margin-bottom:0px;\"><div class=\"fusion-column-wrapper fusion-flex-column-wrapper-legacy\"><div class=\"fusion-image-carousel fusion-image-carousel-auto fusion-image-carousel-1 fusion-carousel-border\"><div class=\"awb-carousel awb-swiper awb-swiper-carousel awb-carousel--carousel awb-swiper-dots-position-bottom\" data-layout=\"carousel\" data-autoplay=\"no\" data-autoplayspeed=\"2500\" data-autoplaypause=\"no\" data-loop=\"yes\" data-columns=\"5\" data-columnsmedium=\"1\" data-columnssmall=\"1\" data-itemmargin=\"13\" data-itemwidth=\"180\" data-touchscroll=\"no\" data-freemode=\"no\" data-imagesize=\"auto\" data-scrollitems=\"0\" data-centeredslides=\"no\" data-rotationangle=\"50\" data-depth=\"100\" data-speed=\"500\" data-shadow=\"no\" data-pagination=\"bullets\" style=\"--awb-border-width:1px;--awb-border-color:#e9eaee;\"><div class=\"swiper-wrapper awb-image-carousel-wrapper fusion-flex-align-items-center\"><div class=\"swiper-slide\"><div class=\"fusion-carousel-item-wrapper\"><div class=\"fusion-image-wrapper hover-type-none\"><img decoding=\"async\" width=\"1500\" height=\"469\" src=\"https:\/\/burkholz-orthopaedie.de\/wp-content\/uploads\/2018\/09\/021_Burkholz_kompression.jpg\" class=\"attachment-full size-full\" alt=\"willkommen burkhlolz orthopaedie schuhtechnik \" srcset=\"https:\/\/burkholz-orthopaedie.de\/wp-content\/uploads\/2018\/09\/021_Burkholz_kompression-200x63.jpg 200w, https:\/\/burkholz-orthopaedie.de\/wp-content\/uploads\/2018\/09\/021_Burkholz_kompression-300x94.jpg 300w, https:\/\/burkholz-orthopaedie.de\/wp-content\/uploads\/2018\/09\/021_Burkholz_kompression-400x125.jpg 400w, https:\/\/burkholz-orthopaedie.de\/wp-content\/uploads\/2018\/09\/021_Burkholz_kompression-600x188.jpg 600w, https:\/\/burkholz-orthopaedie.de\/wp-content\/uploads\/2018\/09\/021_Burkholz_kompression-768x240.jpg 768w, https:\/\/burkholz-orthopaedie.de\/wp-content\/uploads\/2018\/09\/021_Burkholz_kompression-800x250.jpg 800w, https:\/\/burkholz-orthopaedie.de\/wp-content\/uploads\/2018\/09\/021_Burkholz_kompression-1024x320.jpg 1024w, https:\/\/burkholz-orthopaedie.de\/wp-content\/uploads\/2018\/09\/021_Burkholz_kompression-1200x375.jpg 1200w, https:\/\/burkholz-orthopaedie.de\/wp-content\/uploads\/2018\/09\/021_Burkholz_kompression.jpg 1500w\" sizes=\"(max-width: 1500px) 100vw, 1500px\" \/><\/div><\/div><\/div><\/div><div class=\"awb-swiper-button awb-swiper-button-prev\"><i class=\"awb-icon-angle-left\" aria-hidden=\"true\"><\/i><\/div><div class=\"awb-swiper-button awb-swiper-button-next\"><i class=\"awb-icon-angle-right\" aria-hidden=\"true\"><\/i><\/div><\/div><\/div><div class=\"fusion-clearfix\"><\/div><\/div><\/div><\/div><\/div><div class=\"fusion-fullwidth fullwidth-box fusion-builder-row-2 nonhundred-percent-fullwidth non-hundred-percent-height-scrolling\" style=\"--awb-border-radius-top-left:0px;--awb-border-radius-top-right:0px;--awb-border-radius-bottom-right:0px;--awb-border-radius-bottom-left:0px;--awb-flex-wrap:wrap;\" ><div class=\"fusion-builder-row fusion-row\"><div class=\"fusion-layout-column fusion_builder_column fusion-builder-column-1 fusion_builder_column_3_4 3_4 fusion-three-fourth fusion-column-first\" style=\"--awb-bg-size:cover;width:75%;width:calc(75% - ( ( 4% ) * 0.75 ) );margin-right: 4%;\"><div class=\"fusion-column-wrapper fusion-flex-column-wrapper-legacy\"><div class=\"fusion-title title fusion-title-1 fusion-sep-none fusion-title-center fusion-title-text fusion-title-size-one\" style=\"--awb-margin-bottom:20px;--awb-margin-top-small:10px;--awb-margin-right-small:0px;--awb-margin-bottom-small:10px;--awb-margin-left-small:0px;\"><h1 class=\"fusion-title-heading title-heading-center\" style=\"margin:0;\"><h3 style=\"text-align: left;\">Kompressionsversorgung<\/h3><\/h1><\/div><div class=\"fusion-text fusion-text-1\"><p>Die allgemein bekannten Krampfadern wurden in vergangenen Zeiten als &#8222;Alt Frauen Problem&#8220; abgetan. Heute wei\u00df man: Schwellungen in den Beinen, Venenentz\u00fcndungen oder die doch recht gef\u00e4hrliche Thrombose sind keine Frage des Alters! Bereits jede dritte Frau unter 40 Jahren klagt h\u00e4ufig \u00fcber m\u00fcde und geschwollene Beine, Besenreiser oder Krampfadern. Und diese sind Signale eines ernst zu nehmenden Krankheitsbildes.<br \/>\nDie Kompressionsversorgung hat ihren festen Platz in der Behandlung von Erkrankungen der Venen und der Lymphgef\u00e4\u00dfe. Sie findet ihren Einsatz bei Patienten, welche aufgrund von Operationen oder ven\u00f6ser und lymphatischer Erkrankungen auf den Druck von au\u00dfen angewiesen sind.<\/p>\n<\/div><div class=\"fusion-sep-clear\"><\/div><div class=\"fusion-separator fusion-full-width-sep\" style=\"margin-left: auto;margin-right: auto;margin-top:10px;margin-bottom:40px;width:100%;\"><div class=\"fusion-separator-border sep-shadow\" style=\"--awb-height:20px;--awb-amount:20px;--awb-sep-color:rgba(1,130,172,0.25);background:radial-gradient(ellipse at 50% -50% , rgba(1,130,172,0.25) 0px, rgba(255, 255, 255, 0) 80%) repeat scroll 0 0 rgba(0, 0, 0, 0);background:-webkit-radial-gradient(ellipse at 50% -50% , rgba(1,130,172,0.25) 0px, rgba(255, 255, 255, 0) 80%) repeat scroll 0 0 rgba(0, 0, 0, 0);background:-moz-radial-gradient(ellipse at 50% -50% , rgba(1,130,172,0.25) 0px, rgba(255, 255, 255, 0) 80%) repeat scroll 0 0 rgba(0, 0, 0, 0);background:-o-radial-gradient(ellipse at 50% -50% , rgba(1,130,172,0.25) 0px, rgba(255, 255, 255, 0) 80%) repeat scroll 0 0 rgba(0, 0, 0, 0);\"><\/div><\/div><div class=\"fusion-sep-clear\"><\/div><div class=\"fusion-title title fusion-title-2 fusion-sep-none fusion-title-center fusion-title-text fusion-title-size-one\" style=\"--awb-margin-bottom:20px;--awb-margin-top-small:10px;--awb-margin-right-small:0px;--awb-margin-bottom-small:10px;--awb-margin-left-small:0px;\"><h1 class=\"fusion-title-heading title-heading-center\" style=\"margin:0;\"><h3 style=\"text-align: left;\">Allgemeine Informationen<\/h3><\/h1><\/div><div class=\"fusion-text fusion-text-2\"><p>Kompressionsstr\u00fcmpfe sind ein medizinisch hochwirksames Instrument, um schmerzhafte Stauungen und Schwellungen in den Beinen zu vermeiden. Man unterscheidet je nach Indikation in Rund- und Flachstr\u00fcmpfe.<\/p>\n<h4>Rund- oder flachgestrickte Kompressionsstr\u00fcmpfe?<\/h4>\n<p>Ein Kompressionsstrumpf wird nicht einfach nur gestrickt, sondern die Herstellung unterliegt strengen Vorschriften und Normen. Je nach \u00e4rztlicher Diagnose wird eine Fertigung auf Rundstrick- oder Flachstickmaschinen bevorzugt. F\u00fcr die Behandlung von Venenleiden werden Kompressionsstr\u00fcmpfe im Rundstrickverfahren hergestellt und \u00e4hneln daher herk\u00f6mmlichen Str\u00fcmpfen. Hier mehr zu Rundstrickversorgungen.<br \/>\nLymphpatienten mit \u00d6demen hingegen werden mit flachgestrickten Kompressionsstr\u00fcmpfen behandelt. Hier mehr zu Flachstrickversorgungen.<\/p>\n<\/div><div class=\"accordian fusion-accordian\" style=\"--awb-border-size:1px;--awb-icon-size:10px;--awb-content-font-size:14px;--awb-icon-alignment:left;--awb-hover-color:#f9f9f9;--awb-border-color:#cccccc;--awb-background-color:#ffffff;--awb-divider-color:#e0dede;--awb-divider-hover-color:#e0dede;--awb-icon-color:#ffffff;--awb-title-color:#98bf0e;--awb-content-color:#000000;--awb-icon-box-color:#0182ac;--awb-toggle-hover-accent-color:#98bf0e;--awb-title-font-family:&quot;Open Sans&quot;;--awb-title-font-weight:400;--awb-title-font-style:normal;--awb-title-font-size:18px;--awb-content-font-family:&quot;Open Sans&quot;;--awb-content-font-style:normal;--awb-content-font-weight:400;\"><div class=\"panel-group fusion-toggle-icon-boxed\" id=\"accordion-198-1\"><div class=\"fusion-panel panel-default panel-ab95bda20c29ebb4d fusion-toggle-has-divider\"><div class=\"panel-heading\"><h4 class=\"panel-title toggle\" id=\"toggle_ab95bda20c29ebb4d\"><a aria-expanded=\"false\" aria-controls=\"ab95bda20c29ebb4d\" role=\"button\" data-toggle=\"collapse\" data-parent=\"#accordion-198-1\" data-target=\"#ab95bda20c29ebb4d\" href=\"#ab95bda20c29ebb4d\"><span class=\"fusion-toggle-icon-wrapper\" aria-hidden=\"true\"><i class=\"fa-fusion-box active-icon awb-icon-minus\" aria-hidden=\"true\"><\/i><i class=\"fa-fusion-box inactive-icon awb-icon-plus\" aria-hidden=\"true\"><\/i><\/span><span class=\"fusion-toggle-heading\">Allgemeine Hinweise<\/span><\/a><\/h4><\/div><div id=\"ab95bda20c29ebb4d\" class=\"panel-collapse collapse \" aria-labelledby=\"toggle_ab95bda20c29ebb4d\"><div class=\"panel-body toggle-content fusion-clearfix\">\n<ul>\n<li>Kommen Sie morgens m\u00f6glichst fr\u00fch zum Anmessen zu uns, damit Ihre Beine und F\u00fc\u00dfe noch nicht geschwollen sind. Nur so k\u00f6nnen die Str\u00fcmpfe exakt auf Sie angepasst werden.<\/li>\n<li>Kompressionsstr\u00fcmpfe m\u00fcssen gut passen. Sie d\u00fcrfen weder rutschen noch irgendwo einschneiden. Falls so etwas passiert oder die Str\u00fcmpfe in einer anderen Hinsicht nicht passen, kommen Sie bitte umgehend zu uns.<\/li>\n<li>F\u00e4llt es Ihnen schwer, Str\u00fcmpfe mit einer starken Kompression zu tragen, so ist es besser, Sie tragen wenigsten Str\u00fcmpfe mit einer schw\u00e4cheren Kompression als ganz auf Kompressionsstr\u00fcmpfe zu verzichten.<\/li>\n<li>Ziehen Sie Ihre Kompressionsstr\u00fcmpfe so fr\u00fch wie m\u00f6glich nach dem Aufstehen an, bevor Ihre Beine anschwellen. Tragen Sie Ihre Str\u00fcmpfe den ganzen Tag, bis Sie sich abends ausziehen, um ins Bett zu gehen.<\/li>\n<li>Tragen Sie Ihre Kompressionsstr\u00fcmpfe t\u00e4glich, so werden Sie bemerken, dass nach ca. 6 Monaten die Gummiz\u00fcge spr\u00f6de werden und die Zugkraft zur\u00fcckgeht. Dann ist es Zeit f\u00fcr ein neues Rezept. Kassenpatienten d\u00fcrfen zwei Kompressionsstrumpfpaare pro Jahr verschrieben werden, nutzen Sie dies.<\/li>\n<li>Jeder Kompressionsstrumpf hat auch bei noch so guter Pflege eine begrenzte Lebensdauer. Dies zeigt sich durch schleichendes Nachlassen des Kompressionsdruckes, so dass eine unbemerkte \u00d6demzunahme die Folge sein kann. Daher sollten Kompressionsstr\u00fcmpfe nach einem halben Jahr erneut verordnet und wieder erneut angemessen werden.<\/li>\n<li>Defekte Kompressionsstr\u00fcmpfe sollten ersetzt werden.<\/li>\n<li>Viele Patienten empfinden es als unangenehm im Sommer Kompressionsstr\u00fcmpfe zu tragen. Bei hohen Temperaturen sind Ihre Kompressionsstr\u00fcmpfe sogar noch wichtiger als im Winter. Sie k\u00f6nnen sich aber sogar mit den Str\u00fcmpfen k\u00fchl abduschen. Sehr angenehm ist es bei gro\u00dfer Hitze auch, die Str\u00fcmpfe mit Wasser anzufeuchten. Das sorgt f\u00fcr eine angenehme Verdunstungsk\u00e4lte. Sie sollten dazu m\u00f6glichst weiches Wasser verwenden.<\/li>\n<li>Bringen Sie zum Termin bitte ein Handtuch mit \u2013 der Umwelt zuliebe!<\/li>\n<li><a href=\"http:\/\/www.cdk-hanseatic.de\/wp-content\/uploads\/2010\/05\/info_kt.pdf\" target=\"_blank\" rel=\"noopener\">Weitere Informationen zum Ausdrucken finden Sie hier.<\/a><\/li>\n<\/ul>\n<\/div><\/div><\/div><div class=\"fusion-panel panel-default panel-c080bc9cf773ddc1f fusion-toggle-has-divider\"><div class=\"panel-heading\"><h4 class=\"panel-title toggle\" id=\"toggle_c080bc9cf773ddc1f\"><a aria-expanded=\"false\" aria-controls=\"c080bc9cf773ddc1f\" role=\"button\" data-toggle=\"collapse\" data-parent=\"#accordion-198-1\" data-target=\"#c080bc9cf773ddc1f\" href=\"#c080bc9cf773ddc1f\"><span class=\"fusion-toggle-icon-wrapper\" aria-hidden=\"true\"><i class=\"fa-fusion-box active-icon awb-icon-minus\" aria-hidden=\"true\"><\/i><i class=\"fa-fusion-box inactive-icon awb-icon-plus\" aria-hidden=\"true\"><\/i><\/span><span class=\"fusion-toggle-heading\">Pflegehinweise<\/span><\/a><\/h4><\/div><div id=\"c080bc9cf773ddc1f\" class=\"panel-collapse collapse \" aria-labelledby=\"toggle_c080bc9cf773ddc1f\"><div class=\"panel-body toggle-content fusion-clearfix\">\n<ul>\n<li>Waschen Sie Ihre Kompressionsstr\u00fcmpfe unbedingt vor dem ersten Tragen, erst durch dieses erste Waschen wird die richtige Dehnbarkeit der Str\u00fcmpfe hergestellt.<\/li>\n<li>Die Verordnung eines Wechselpaares zu Beginn der Therapie ist erforderlich, da Kompressionsstr\u00fcmpfe t\u00e4glich, wenigstens jedoch jeden zweiten Tag, gewaschen werden sollten (vorzugsweise mit entsprechenden, von den Herstellern empfohlenen Waschmitteln. Pflegehinweise sollten lt. Herstellerinformation beachtet werden).<\/li>\n<li>Zu empfehlen ist eine Handw\u00e4sche in lauwarmem Wasser mit einem Spezialwaschmittel der Strumpfhersteller oder einem Feinwaschmittel. M\u00f6glich ist aber auch der Schongang der Waschmaschine mit Feinwaschmittel bei 30 Grad. Achtung: manche Str\u00fcmpfe d\u00fcrfen nur mit Hand gewaschen werden. Achten Sie daher auf jeden Fall auf die Waschhinweise des Herstellers.<\/li>\n<li>Verzichten Sie auf Vollwaschmittel und Weichsp\u00fcler. W\u00e4schetrockner k\u00f6nnen Ihren Str\u00fcmpfen schaden, verzichten Sie auch darauf sie auszuwringen. Am besten trocknen Sie Ihre Kompressionsstr\u00fcmpfe auf der Leine oder auf einem Gestell. Trocknen Sie Ihre Str\u00fcmpfe aber nicht in der direkten Sonne oder vor Heizk\u00f6rpern.<\/li>\n<\/ul>\n<\/div><\/div><\/div><\/div><\/div><div class=\"fusion-clearfix\"><\/div><\/div><\/div><div class=\"fusion-layout-column fusion_builder_column fusion-builder-column-2 fusion_builder_column_1_4 1_4 fusion-one-fourth fusion-column-last\" style=\"--awb-bg-size:cover;width:25%;width:calc(25% - ( ( 4% ) * 0.25 ) );\"><div class=\"fusion-column-wrapper fusion-flex-column-wrapper-legacy\"><div class=\"fusion-content-boxes content-boxes columns row fusion-columns-1 fusion-columns-total-1 fusion-content-boxes-1 content-boxes-clean-vertical content-left content-boxes-icon-on-top\" style=\"--awb-backgroundcolor:rgba(1,130,172,0.08);--awb-body-color:#000000;--awb-title-color:#0182ac;--awb-margin-top:0px;--awb-margin-bottom:0px;--awb-hover-accent-color:#a0ce4e;--awb-circle-hover-accent-color:#a0ce4e;--awb-item-margin-bottom:40px;\" data-animationOffset=\"top-into-view\"><div style=\"--awb-backgroundcolor:rgba(1,130,172,0.08);border-color:rgba(255,255,255,0);\" class=\"fusion-column content-box-column content-box-column content-box-column-1 col-lg-12 col-md-12 col-sm-12 fusion-content-box-hover content-box-column-last content-box-column-last-in-row\"><div class=\"col content-box-wrapper content-wrapper-background link-area-link-icon icon-hover-animation-fade\" data-animationOffset=\"top-into-view\"><div class=\"heading icon-left\"><h2 class=\"content-box-heading\" style=\"--h2_typography-font-size:18px;line-height:23px;\">Unsere Adresse:<\/h2><\/div><div class=\"fusion-clearfix\"><\/div><div class=\"content-container\">\n<p>Badtorstra\u00dfe 16<br \/>\n71711 Steinheim\/Murr<br \/>\nTel.: 0 71 44 \/ 2 48 35<br \/>\nFax: 0 71 44 \/ 20 94 10<br \/>\n<a href=\"mailto:post@burkholz-orthopaedie.de\">post@burkholz-orthopaedie.de<\/a><\/p>\n<\/div><\/div><\/div><div class=\"fusion-clearfix\"><\/div><\/div><div class=\"fusion-content-boxes content-boxes columns row fusion-columns-1 fusion-columns-total-1 fusion-content-boxes-2 content-boxes-clean-vertical content-left content-boxes-icon-on-top\" style=\"--awb-backgroundcolor:rgba(1,130,172,0.08);--awb-body-color:#000000;--awb-title-color:#0182ac;--awb-margin-top:0px;--awb-margin-bottom:0px;--awb-hover-accent-color:#a0ce4e;--awb-circle-hover-accent-color:#a0ce4e;--awb-item-margin-bottom:40px;\" data-animationOffset=\"top-into-view\"><div style=\"--awb-backgroundcolor:rgba(1,130,172,0.08);border-color:rgba(255,255,255,0);\" class=\"fusion-column content-box-column content-box-column content-box-column-1 col-lg-12 col-md-12 col-sm-12 fusion-content-box-hover content-box-column-last content-box-column-last-in-row\"><div class=\"col content-box-wrapper content-wrapper-background link-area-link-icon icon-hover-animation-fade\" data-animationOffset=\"top-into-view\"><div class=\"heading icon-left\"><h2 class=\"content-box-heading\" style=\"--h2_typography-font-size:18px;line-height:23px;\">Unsere \u00d6ffnungzeiten:<\/h2><\/div><div class=\"fusion-clearfix\"><\/div><div class=\"content-container\">\n<p><strong>Montag \u2013 Freitag<\/strong><br \/>\n08:00 \u2013 12:30 Uhr<br \/>\n14:30 \u2013 18:00 Uhr<br \/>\n<strong>Samstag<\/strong><br \/>\n09:00 \u2013 12:30 Uhr<\/p>\n<p>Mittwochnachmittag geschlossen<br \/>\nTermine nach Vereinbarung<\/p>\n<\/div><\/div><\/div><div class=\"fusion-clearfix\"><\/div><\/div><div class=\"fusion-clearfix\"><\/div><\/div><\/div><\/div><\/div><\/p>\n","protected":false},"excerpt":{"rendered":"","protected":false},"author":1,"featured_media":0,"parent":0,"menu_order":0,"comment_status":"closed","ping_status":"closed","template":"","meta":{"footnotes":""},"class_list":["post-198","page","type-page","status-publish","hentry"],"_links":{"self":[{"href":"https:\/\/burkholz-orthopaedie.de\/index.php?rest_route=\/wp\/v2\/pages\/198","targetHints":{"allow":["GET"]}}],"collection":[{"href":"https:\/\/burkholz-orthopaedie.de\/index.php?rest_route=\/wp\/v2\/pages"}],"about":[{"href":"https:\/\/burkholz-orthopaedie.de\/index.php?rest_route=\/wp\/v2\/types\/page"}],"author":[{"embeddable":true,"href":"https:\/\/burkholz-orthopaedie.de\/index.php?rest_route=\/wp\/v2\/users\/1"}],"replies":[{"embeddable":true,"href":"https:\/\/burkholz-orthopaedie.de\/index.php?rest_route=%2Fwp%2Fv2%2Fcomments&post=198"}],"version-history":[{"count":11,"href":"https:\/\/burkholz-orthopaedie.de\/index.php?rest_route=\/wp\/v2\/pages\/198\/revisions"}],"predecessor-version":[{"id":411,"href":"https:\/\/burkholz-orthopaedie.de\/index.php?rest_route=\/wp\/v2\/pages\/198\/revisions\/411"}],"wp:attachment":[{"href":"https:\/\/burkholz-orthopaedie.de\/index.php?rest_route=%2Fwp%2Fv2%2Fmedia&parent=198"}],"curies":[{"name":"wp","href":"https:\/\/api.w.org\/{rel}","templated":true}]}}